le of 8?
True
Is 14343 a multiple of 64?
False
Does 39 divide 390?
True
Is 119 a multiple of 40?
False
Is 60 a factor of 480?
True
Is 9 a factor of 4622?
False
Is 9700 a multiple of 6?
False
Is 60 a multiple of 12?
True
Is 6402 a multiple of 6?
True
Is 1586 a multiple of 61?
True
Is 96399 a multiple of 286?
False
Does 53 divide 7579?
True
Is 1100 a multiple of 14?
False
Is 25970 a multiple of 70?
True
Does 21 divide 15057?
True
Is 45 a factor of 5040?
True
Is 513 a multiple of 3?
True
Is 41983 a multiple of 37?
False
Is 7 a factor of 623?
True
Is 3036 a multiple of 69?
True
Is 22 a factor of 462?
True
Is 54 a factor of 17280?
True
Does 28 divide 903?
False
Does 103 divide 5974?
True
Is 6723 a multiple of 58?
False
Is 496 a multiple of 16?
True
Is 63 a factor of 630?
True
Does 22 divide 924?
True
Is 5 a factor of 172?
False
Does 25 divide 2006?
False
Does 8 divide 864?
True
Does 22 divide 16346?
True
Is 14 a factor of 2478?
True
Is 5857 a multiple of 67?
False
Is 34 a factor of 17199?
False
Does 263 divide 39203?
False
Is 758 a multiple of 10?
False
Does 4 divide 260?
True
Is 22 a factor of 44?
True
Is 66144 a multiple of 12?
True
Is 52 a factor of 2312?
False
Is 2249 a multiple of 4?
False
Is 19 a factor of 30193?
False
Is 42 a factor of 7188?
False
Does 31 divide 22320?
True
Is 3 a factor of 16?
False
Does 28 divide 1316?
True
Does 151 divide 40921?
True
Is 6 a factor of 834?
True
Does 53 divide 14377?
False
Does 8 divide 28992?
True
Is 168 a multiple of 12?
True
Does 29 divide 9860?
True
Is 602 a multiple of 18?
False
Is 27491 a multiple of 17?
False
Does 12 divide 1020?
True
Does 23 divide 9975?
False
Is 4 a factor of 560?
True
Does 55 divide 5610?
True
Is 7 a factor of 32288?
False
Is 4 a factor of 1244?
True
Does 55 divide 17765?
True
Does 51 divide 741?
False
Is 90 a multiple of 6?
True
Is 38377 a multiple of 11?
False
Does 38 divide 8208?
True
Is 516 a multiple of 6?
True
Is 6 a factor of 1170?
True
Is 10 a factor of 720?
True
Does 57 divide 1049?
False
Is 17107 a multiple of 11?
False
Is 17899 a multiple of 24?
False
Does 7 divide 1435?
True
Does 11 divide 2050?
False
Is 32 a factor of 174?
False
Is 12 a factor of 4305?
False
Does 215 divide 22506?
False
Is 49 a factor of 2597?
True
Is 221 a factor of 1222?
False
Is 14902 a multiple of 244?
False
Does 21 divide 1966?
False
Is 639 a multiple of 4?
False
Is 18 a factor of 2251?
False
Does 90 divide 360?
True
Is 4 a factor of 130?
False
Is 9 a factor of 450?
True
Is 120 a multiple of 8?
True
Is 48 a factor of 1930?
False
Does 14 divide 2380?
True
Does 48 divide 19378?
False
Does 7 divide 1194?
False
Is 199 a factor of 35026?
False
Does 19 divide 3911?
False
Is 158 a multiple of 4?
False
Is 31852 a multiple of 231?
False
Is 63960 a multiple of 225?
False
Does 8 divide 886?
False
Is 46 a factor of 140872?
False
Does 79 divide 12403?
True
Is 84 a factor of 34776?
True
Does 71 divide 27122?
True
Is 24750 a multiple of 75?
True
Is 93320 a multiple of 41?
False
Is 6 a factor of 125?
False
Does 89 divide 10310?
False
Does 70 divide 2917?
False
Is 12 a factor of 780?
True
Does 67 divide 128?
False
Is 783 a multiple of 11?
False
Is 2814 a multiple of 57?
False
Does 9 divide 7794?
True
Does 27 divide 2970?
True
Does 65 divide 780?
True
Is 84 a factor of 18789?
False
Is 43386 a multiple of 14?
True
Is 31623 a multiple of 83?
True
Is 27 a factor of 4725?
True
Is 1196 a multiple of 13?
True
Is 17 a factor of 1226?
False
Is 1060 a multiple of 7?
False
Is 6 a factor of 64230?
True
Is 10 a factor of 80?
True
Is 3974 a multiple of 17?
False
Is 47 a factor of 17966?
False
Is 2166 a multiple of 57?
True
Is 13056 a multiple of 51?
True
Is 3105 a multiple of 9?
True
Does 3 divide 193?
False
Does 9 divide 1530?
True
Is 2881 a multiple of 13?
False
Is 24 a factor of 334?
False
Does 9 divide 11682?
True
Does 25 divide 5250?
True
Is 17 a factor of 6562?
True
Is 592 a multiple of 16?
True
Is 5220 a multiple of 45?
True
Is 2508 a multiple of 11?
True
Does 3 divide 3959?
False
Is 26 a factor of 1125?
False
Is 3 a factor of 1664?
False
Does 59 divide 236?
True
Is 127 a factor of 4888?
False
Is 12750 a multiple of 108?
False
Is 75 a factor of 4390?
False
Does 27 divide 189?
True
Is 574 even?
True
Is 2284 a multiple of 10?
False
Is 11 a factor of 59217?
False
Is 92 a factor of 9108?
True
Is 684 a multiple of 19?
True
Does 75 divide 5400?
True
Is 91 a factor of 3270?
False
Does 11 divide 4372?
False
Is 1979 a multiple of 93?
False
Is 1525 a multiple of 63?
False
Is 238 a multiple of 7?
True
Is 149 a factor of 20562?
True
Is 41664 a multiple of 186?
True
Does 4 divide 2939?
False
Does 72 divide 691?
False
Does 2 divide 476?
True
Does 15 divide 146?
False
Is 18 a factor of 558?
True
Is 18 a factor of 126?
True
Is 2 a factor of 818?
True
Does 13 divide 234?
True
Is 134 a multiple of 40?
False
Does 223 divide 54742?
False
Is 7 a factor of 1380?
False
Is 7209 a multiple of 10?
False
Is 26512 a multiple of 148?
False
Does 11 divide 123?
False
Is 7 a factor of 423?
False
Is 28124 a multiple of 158?
True
Is 74 a multiple of 4?
False
Is 352 a multiple of 20?
False
Is 330 a multiple of 55?
True
Does 4 divide 40?
True
Is 9690 a multiple of 255?
True
Is 4595 a multiple of 14?
False
Does 431 divide 94209?
False
Is 22 a factor of 1540?
True
Does 22 divide 726?
True
Is 436 a multiple of 74?
False
Is 20 a factor of 32320?
True
Is 59025 a multiple of 208?
False
Is 22 a factor of 6410?
False
Is 45 a factor of 4566?
False
Is 25489 a multiple of 12?
False
Does 41 divide 5071?
False
Does 12 divide 45444?
True
Is 16692 a multiple of 52?
True
Is 14400 a multiple of 45?
True
Is 117 a factor of 25148?
False
Is 20 a factor of 14220?
True
Is 720 a multiple of 15?
True
Is 17751 a multiple of 61?
True
Does 3 divide 343?
False
Is 28 a factor of 7427?
False
Is 833 a multiple of 5?
False
Is 6 a factor of 30011?
False
Is 28 a factor of 17836?
True
Is 136 a multiple of 6?
False
Does 39 divide 2057?
False
Is 40 a factor of 34800?
True
Does 27 divide 2484?
True
Is 5298 a multiple of 55?
False
Does 32 divide 292?
False
Is 5 a factor of 1092?
False
Is 22 a factor of 43083?
False
Does 28 divide 17214?
False
Is 27 a factor of 378?
True
Is 16 a factor of 12035?
False
Is 32 a multiple of 3?
False
Is 45 a multiple of 7?
False
Is 7 a factor of 3316?
False
Is 70 a factor of 5378?
False
Is 12 a factor of 14304?
True
Is 45991 a multiple of 89?
False
Is 2045 a multiple of 6?
False
Does 30 divide 12703?
False
Does 53 divide 1136?
False
Is 5225 a multiple of 30?
False
Is 8616 a multiple of 12?
True
Is 18 a factor of 4353?
False
Is 76 a multiple of 4?
True
Is 20173 a multiple of 50?
False
Is 3906 a multiple of 62?
True
Does 37 divide 296?
True
Does 4 divide 36920?
True
Is 47 a factor of 12784?
True
Is 4 a factor of 71?
False
Is 12 a factor of 2014?
False
Does 4 divide 3944?
True
Does 44 divide 1364?
True
Is 2 a factor of 17?
False
Is 168 a multiple of 7?
True
Is 28 a factor of 361?
False
Is 6 a factor of 299?
False
Is 488 a factor of 21869?
False
Is 2 a factor of 40?
True
Is 49 a factor of 12918?
False
Is 240 a factor of 38640?
True
Is 15524 a multiple of 48?
False
Does 26 divide 415?
False
Is 120890 a multiple of 55?
True
Is 32 a factor of 20704?
True
Is 27105 a multiple of 13?
True
Is 905 a multiple of 83?
False
Is 9461 a multiple of 16?
False
Is 17733 a multiple of 69?
True
Does 66 divide 26975?
False
Does 144 divide 43200?
True
Does 9 divide 5043?
False
Does 76 divide 1216?
True
Is 2366 a multiple of 91?
True
Is 17566 a multiple of 20?
False
Is 621 a multiple of 23?
True
Does 10 divide 93?
False
Does 9 divide 15849?
True
Is 12 a factor of 121?
False
Does 7 divide 1057?
True
Is 7878 a multiple of 101?
True
Is 525 a multiple of 35?
True
Is 16 a factor of 464?
True
Is 1354 a multiple of 26?
False
Is 2919 a multiple of 12?
False
Is 30 a factor of 26400?
True
Does 77 divide 5082?
True
Is 1043 a multiple of 41?
False
Is 24 a factor of 29040?
True
Is 1637 a multiple of 10?
False
Does 73 divide 962?
False
Does 7 divide 1113?
True
Is 7 a factor of 583?
False
Does 4 divide 49505?
False
Is 8568 a multiple of 168?
True
Is 50 a factor of 650?
True
Does 2 divide 3194?
True
Does 40 divide 17960?
True
Is 95 a factor of 9658?
False
Does 6 divide 2107?
False
Is 2261 a multiple o